{"id":4180,"date":"2019-05-08T15:41:03","date_gmt":"2019-05-08T13:41:03","guid":{"rendered":"http:\/\/artadigital.es\/hostalcalaratjada?page_id=4180"},"modified":"2024-04-13T22:36:46","modified_gmt":"2024-04-13T20:36:46","slug":"sobre-nosaltres","status":"publish","type":"page","link":"https:\/\/hostalcalaratjada.com\/ca\/sobre-nosaltres\/","title":{"rendered":"Sobre nosaltres"},"content":{"rendered":"<div id=\"pl-4180\"  class=\"panel-layout\" ><div id=\"pg-4180-0\"  class=\"panel-grid panel-no-style\" ><div id=\"pgc-4180-0-0\"  class=\"panel-grid-cell\" ><div id=\"panel-4180-0-0-0\" class=\"so-panel widget widget_icon-box panel-first-child panel-last-child\" data-index=\"0\" ><div class=\"panel-widget-style panel-widget-style-for-4180-0-0-0\" ><div class=\"thim-widget-icon-box thim-widget-icon-box-base template-base\"><div class=\"inner-box \"><div style=\"background-image:url()\" class=\"wrapper-box-icon text-center   wrapper-line-heading\" ><div class=\"smicon-box iconbox-top\"><div class=\"content-inner\" ><div class=\"sc-heading article_heading\"><h3 class = \"heading__primary\" style=\"color: #00abcc;\">Sobre nosaltres<\/h3><span class=\"line-heading\"><span><\/span><\/span><\/div><div class=\"desc-icon-box\"><div >A l'extrem nord-est de l'illa de Mallorca, a la comarca de llevant, es troba el petit port pesquer de Cala Ratjada, que pertany al terme municipal de Capdepera.\nCapdepera (Cala Ratjada) s'ha establert entre les principals destinacions tur\u00edstiques de l'illa, \u00e9s famosa per l'abrupte de la seva l\u00ednia costanera on trobem una gran quantitat de cales. Es poden realitzar llargues passejades per les zones boscoses, per les platges i petites cales, aix\u00ed com de poder gaudir de l'\u00e0mplia oferta complement\u00e0ria que Cala Ratjada ofereix als seus visitants.<\/p>\nL'Hostal Cala Ratjada va obrir les seves portes l'any 1950 davant del port pesquer i des de llavors \u00e9s regentat per la fam\u00edlia. Si vols gaudir de les seves vacances en un entorn agradable i d'un ambient amb un tracte personal i de confian\u00e7a, contacteu-nos.<\/i><\/b><\/p><\/div><\/div><\/div><\/div><!--end smicon-box--><\/div><\/div><\/div><\/div><\/div><\/div><\/div><div id=\"pg-4180-1\"  class=\"panel-grid panel-has-style\" ><div class=\"thim-bg-overlay siteorigin-panels-stretch article__parallax panel-row-style panel-row-style-for-4180-1\" data-stretch-type=\"full\" ><div id=\"pgc-4180-1-0\"  class=\"panel-grid-cell\" ><\/div><\/div><\/div><div id=\"pg-4180-2\"  class=\"panel-grid panel-has-style\" ><div class=\"thim-gallery-box siteorigin-panels-stretch panel-row-style panel-row-style-for-4180-2\" data-stretch-type=\"full\" ><div id=\"pgc-4180-2-0\"  class=\"panel-grid-cell\" ><div id=\"panel-4180-2-0-0\" class=\"so-panel widget widget_icon-box panel-first-child\" data-index=\"2\" ><div class=\"panel-widget-style panel-widget-style-for-4180-2-0-0\" ><div class=\"thim-widget-icon-box thim-widget-icon-box-base template-base\"><div class=\"inner-box \"><div style=\"background-image:url()\" class=\"wrapper-box-icon text-center   wrapper-line-heading\" ><div class=\"smicon-box iconbox-top\"><div class=\"content-inner\" ><div class=\"sc-heading article_heading\"><h3 class = \"heading__primary\" >Galeria<\/h3><span class=\"line-heading\"><span><\/span><\/span><\/div><div class=\"desc-icon-box\"><div >El nostre hostal<\/div><\/div><\/div><\/div><!--end smicon-box--><\/div><\/div><\/div><\/div><\/div><div id=\"panel-4180-2-0-1\" class=\"so-panel widget widget_gallery-images panel-last-child\" data-index=\"3\" ><div class=\"panel-widget-style panel-widget-style-for-4180-2-0-1\" ><div class=\"thim-widget-gallery-images thim-widget-gallery-images-base template-base\"><div class=\"thim-gallery-images owl-carousel gallery-img \"><div class=\"item\"><img src =\"https:\/\/hostalcalaratjada.com\/wp-content\/uploads\/2019\/05\/dormitorio7.jpg\" width=\"1000\" height=\"667\" alt= \"Sobre nosaltres\" \/><\/div><div class=\"item\"><img src =\"https:\/\/hostalcalaratjada.com\/wp-content\/uploads\/2019\/05\/DSC9347.jpg\" width=\"2000\" height=\"1335\" alt= \"Sobre nosaltres\" \/><\/div><div class=\"item\"><img src =\"https:\/\/hostalcalaratjada.com\/wp-content\/uploads\/2019\/05\/DSC9318.jpg\" width=\"2000\" height=\"1335\" alt= \"Sobre nosaltres\" \/><\/div><div class=\"item\"><img src =\"https:\/\/hostalcalaratjada.com\/wp-content\/uploads\/2019\/05\/DSC9318.jpg\" width=\"2000\" height=\"1335\" alt= \"Sobre nosaltres\" \/><\/div><\/div><\/div><\/div><\/div><\/div><\/div><\/div><div id=\"pg-4180-3\"  class=\"panel-grid panel-no-style\" ><div id=\"pgc-4180-3-0\"  class=\"panel-grid-cell\" ><div id=\"panel-4180-3-0-0\" class=\"so-panel widget widget_icon-box panel-first-child panel-last-child\" data-index=\"4\" ><div class=\"thim-widget-icon-box thim-widget-icon-box-base template-base\"><div class=\"inner-box \"><div style=\"background-image:url()\" class=\"wrapper-box-icon text-center   wrapper-line-heading\" ><div class=\"smicon-box iconbox-top\"><div class=\"content-inner\" ><div class=\"sc-heading article_heading\"><h3 class = \"heading__primary\" >Serveis &#38; Instal\u00b7lacions de l'Hostal Cala Ratjada<\/h3><span class=\"line-heading\"><span><\/span><\/span><\/div><div class=\"desc-icon-box\"><div >L'Hostal Cala Ratjada, de gestion familiar des de 1950, es troba a menys de 50m del port de Cala Ratjada, a Mallorca. A uns 5 minuts de Cala Gat, a 10 minuts de Son Moll i a uns 15 de les platja de Cala Agulla. Disposem a m\u00e9s d'un punt d'informaci\u00f3 tur\u00edstica. L'aeroport de Palma de Mallorca \u00e9s a uns 80km de dist\u00e0ncia i oferim serveis d'enlla\u00e7 entre l'aeroport i l'hostal, pr\u00e8via petici\u00f3. L'Hostal Cala Ratjada t\u00e9 un bar amb TV per sat\u00e8l\u00b7lit on a m\u00e9s se serveix l'esmorzar. La recepci\u00f3 est\u00e0 oberta 24 hores, (en temporada mitjana-alta) amb wifi a la zona comuna i aparcameinto gratu\u00eft proper.<\/div><\/div><\/div><\/div><!--end smicon-box--><\/div><\/div><\/div><\/div><\/div><\/div><div id=\"pg-4180-4\"  class=\"panel-grid panel-no-style\" ><div id=\"pgc-4180-4-0\"  class=\"panel-grid-cell\" ><div id=\"panel-4180-4-0-0\" class=\"so-panel widget widget_single-images panel-first-child panel-last-child\" data-index=\"5\" ><div class=\"thim-widget-single-images thim-widget-single-images-base template-base\"><div class=\"single-image left\" ><img style=\"height:;\" src =\"https:\/\/hostalcalaratjada.com\/wp-content\/uploads\/2019\/05\/Capturacat.png\" width=\"\" height=\"\" alt= \"Sobre nosaltres\" \/><\/div><\/div><\/div><\/div><\/div><\/div>","protected":false},"excerpt":{"rendered":"<p>Sobre nosaltresA l&#8217;extrem nord-est de l&#8217;illa de Mallorca, a la comarca de llevant, es troba el petit port pesquer de Cala Ratjada, que pertany al terme municipal de Capdepera.<br \/>\nCapdepera (Cala Ratjada) s&#8217;ha establert entre les principals destinacions tur\u00edstiques de l&#8217;illa, \u00e9s famosa per l&#8217;abrupte de la seva l\u00ednia costanera on trobem una gran quantitat <\/p>\n","protected":false},"author":1,"featured_media":0,"parent":0,"menu_order":0,"comment_status":"closed","ping_status":"closed","template":"","meta":{"footnotes":""},"class_list":["post-4180","page","type-page","status-publish","hentry"],"aioseo_notices":[],"_links":{"self":[{"href":"https:\/\/hostalcalaratjada.com\/ca\/wp-json\/wp\/v2\/pages\/4180","targetHints":{"allow":["GET"]}}],"collection":[{"href":"https:\/\/hostalcalaratjada.com\/ca\/wp-json\/wp\/v2\/pages"}],"about":[{"href":"https:\/\/hostalcalaratjada.com\/ca\/wp-json\/wp\/v2\/types\/page"}],"author":[{"embeddable":true,"href":"https:\/\/hostalcalaratjada.com\/ca\/wp-json\/wp\/v2\/users\/1"}],"replies":[{"embeddable":true,"href":"https:\/\/hostalcalaratjada.com\/ca\/wp-json\/wp\/v2\/comments?post=4180"}],"version-history":[{"count":0,"href":"https:\/\/hostalcalaratjada.com\/ca\/wp-json\/wp\/v2\/pages\/4180\/revisions"}],"wp:attachment":[{"href":"https:\/\/hostalcalaratjada.com\/ca\/wp-json\/wp\/v2\/media?parent=4180"}],"curies":[{"name":"wp","href":"https:\/\/api.w.org\/{rel}","templated":true}]}}

<div id="pl-4180"  class="panel-layout" ><div id="pg-4180-0"  class="panel-grid panel-no-style" ><div id="pgc-4180-0-0"  class="panel-grid-cell" ><div id="panel-4180-0-0-0" class="so-panel widget widget_icon-box panel-first-child panel-last-child" data-index="0" ><div class="panel-widget-style panel-widget-style-for-4180-0-0-0" ><div class="thim-widget-icon-box thim-widget-icon-box-base template-base"><div class="inner-box "><div style="background-image:url()" class="wrapper-box-icon text-center   wrapper-line-heading" ><div class="smicon-box iconbox-top"><div class="content-inner" ><div class="sc-heading article_heading"><h3 class = "heading__primary" style="color: #00abcc;">Sobre nosaltres</h3><span class="line-heading"><span></span></span></div><div class="desc-icon-box"><div >A l'extrem nord-est de l'illa de Mallorca, a la comarca de llevant, es troba el petit port pesquer de Cala Ratjada, que pertany al terme municipal de Capdepera.
Capdepera (Cala Ratjada) s'ha establert entre les principals destinacions turístiques de l'illa, és famosa per l'abrupte de la seva línia costanera on trobem una gran quantitat de cales. Es poden realitzar llargues passejades per les zones boscoses, per les platges i petites cales, així com de poder gaudir de l'àmplia oferta complementària que Cala Ratjada ofereix als seus visitants.</p>
L'Hostal Cala Ratjada va obrir les seves portes l'any 1950 davant del port pesquer i des de llavors és regentat per la família. Si vols gaudir de les seves vacances en un entorn agradable i d'un ambient amb un tracte personal i de confiança, contacteu-nos.</i></b></p></div></div></div></div><!--end smicon-box--></div></div></div></div></div></div></div><div id="pg-4180-1"  class="panel-grid panel-has-style" ><div class="thim-bg-overlay siteorigin-panels-stretch article__parallax panel-row-style panel-row-style-for-4180-1" data-stretch-type="full" ><div id="pgc-4180-1-0"  class="panel-grid-cell" ></div></div></div><div id="pg-4180-2"  class="panel-grid panel-has-style" ><div class="thim-gallery-box siteorigin-panels-stretch panel-row-style panel-row-style-for-4180-2" data-stretch-type="full" ><div id="pgc-4180-2-0"  class="panel-grid-cell" ><div id="panel-4180-2-0-0" class="so-panel widget widget_icon-box panel-first-child" data-index="2" ><div class="panel-widget-style panel-widget-style-for-4180-2-0-0" ><div class="thim-widget-icon-box thim-widget-icon-box-base template-base"><div class="inner-box "><div style="background-image:url()" class="wrapper-box-icon text-center   wrapper-line-heading" ><div class="smicon-box iconbox-top"><div class="content-inner" ><div class="sc-heading article_heading"><h3 class = "heading__primary" >Galeria</h3><span class="line-heading"><span></span></span></div><div class="desc-icon-box"><div >El nostre hostal</div></div></div></div><!--end smicon-box--></div></div></div></div></div><div id="panel-4180-2-0-1" class="so-panel widget widget_gallery-images panel-last-child" data-index="3" ><div class="panel-widget-style panel-widget-style-for-4180-2-0-1" ><div class="thim-widget-gallery-images thim-widget-gallery-images-base template-base"><div class="thim-gallery-images owl-carousel gallery-img "><div class="item"><img src ="https://hostalcalaratjada.com/wp-content/uploads/2019/05/dormitorio7.jpg" width="1000" height="667" alt= "Sobre nosaltres" /></div><div class="item"><img src ="https://hostalcalaratjada.com/wp-content/uploads/2019/05/DSC9347.jpg" width="2000" height="1335" alt= "Sobre nosaltres" /></div><div class="item"><img src ="https://hostalcalaratjada.com/wp-content/uploads/2019/05/DSC9318.jpg" width="2000" height="1335" alt= "Sobre nosaltres" /></div><div class="item"><img src ="https://hostalcalaratjada.com/wp-content/uploads/2019/05/DSC9318.jpg" width="2000" height="1335" alt= "Sobre nosaltres" /></div></div></div></div></div></div></div></div><div id="pg-4180-3"  class="panel-grid panel-no-style" ><div id="pgc-4180-3-0"  class="panel-grid-cell" ><div id="panel-4180-3-0-0" class="so-panel widget widget_icon-box panel-first-child panel-last-child" data-index="4" ><div class="thim-widget-icon-box thim-widget-icon-box-base template-base"><div class="inner-box "><div style="background-image:url()" class="wrapper-box-icon text-center   wrapper-line-heading" ><div class="smicon-box iconbox-top"><div class="content-inner" ><div class="sc-heading article_heading"><h3 class = "heading__primary" >Serveis &#38; Instal·lacions de l'Hostal Cala Ratjada</h3><span class="line-heading"><span></span></span></div><div class="desc-icon-box"><div >L'Hostal Cala Ratjada, de gestion familiar des de 1950, es troba a menys de 50m del port de Cala Ratjada, a Mallorca. A uns 5 minuts de Cala Gat, a 10 minuts de Son Moll i a uns 15 de les platja de Cala Agulla. Disposem a més d'un punt d'informació turística. L'aeroport de Palma de Mallorca és a uns 80km de distància i oferim serveis d'enllaç entre l'aeroport i l'hostal, prèvia petició. L'Hostal Cala Ratjada té un bar amb TV per satèl·lit on a més se serveix l'esmorzar. La recepció està oberta 24 hores, (en temporada mitjana-alta) amb wifi a la zona comuna i aparcameinto gratuït proper.</div></div></div></div><!--end smicon-box--></div></div></div></div></div></div><div id="pg-4180-4"  class="panel-grid panel-no-style" ><div id="pgc-4180-4-0"  class="panel-grid-cell" ><div id="panel-4180-4-0-0" class="so-panel widget widget_single-images panel-first-child panel-last-child" data-index="5" ><div class="thim-widget-single-images thim-widget-single-images-base template-base"><div class="single-image left" ><img style="height:;" src ="https://hostalcalaratjada.com/wp-content/uploads/2019/05/Capturacat.png" width="" height="" alt= "Sobre nosaltres" /></div></div></div></div></div></div>

<p>Sobre nosaltresA l&#8217;extrem nord-est de l&#8217;illa de Mallorca, a la comarca de llevant, es troba el petit port pesquer de Cala Ratjada, que pertany al terme municipal de Capdepera.<br />
Capdepera (Cala Ratjada) s&#8217;ha establert entre les principals destinacions turístiques de l&#8217;illa, és famosa per l&#8217;abrupte de la seva línia costanera on trobem una gran quantitat </p>
